{"id":217,"date":"2021-05-07T16:56:32","date_gmt":"2021-05-07T14:56:32","guid":{"rendered":"http:\/\/lesdocsdenoirmoutier.fr\/?page_id=217"},"modified":"2024-12-10T18:57:40","modified_gmt":"2024-12-10T17:57:40","slug":"appel-a-projets","status":"publish","type":"page","link":"https:\/\/lesdocsdenoirmoutier.fr\/?page_id=217","title":{"rendered":"Appel \u00e0 projets"},"content":{"rendered":"\t\t<div data-elementor-type=\"wp-page\" data-elementor-id=\"217\" class=\"elementor elementor-217\" data-elementor-post-type=\"page\">\n\t\t\t\t\t\t<section class=\"elementor-section elementor-top-section elementor-element elementor-element-80ab2c4 elementor-section-boxed elementor-section-height-default elementor-section-height-default\" data-id=\"80ab2c4\" data-element_type=\"section\" data-settings=\"{&quot;background_background&quot;:&quot;classic&quot;}\">\n\t\t\t\t\t\t<div class=\"elementor-container elementor-column-gap-default\">\n\t\t\t\t\t<div class=\"elementor-column elementor-col-100 elementor-top-column elementor-element elementor-element-30eb2a9\" data-id=\"30eb2a9\" data-element_type=\"column\">\n\t\t\t<div class=\"elementor-widget-wrap elementor-element-populated\">\n\t\t\t\t\t\t<div class=\"elementor-element elementor-element-6ab1063 elementor-widget elementor-widget-spacer\" data-id=\"6ab1063\" data-element_type=\"widget\" data-widget_type=\"spacer.default\">\n\t\t\t\t<div class=\"elementor-widget-container\">\n\t\t\t\t\t\t\t<div class=\"elementor-spacer\">\n\t\t\t<div class=\"elementor-spacer-inner\"><\/div>\n\t\t<\/div>\n\t\t\t\t\t\t<\/div>\n\t\t\t\t<\/div>\n\t\t\t\t<div class=\"elementor-element elementor-element-2780e92 elementor-widget elementor-widget-heading\" data-id=\"2780e92\" data-element_type=\"widget\" data-widget_type=\"heading.default\">\n\t\t\t\t<div class=\"elementor-widget-container\">\n\t\t\t\t\t<h2 class=\"elementor-heading-title elementor-size-default\">Appel \u00e0 projets <\/h2>\t\t\t\t<\/div>\n\t\t\t\t<\/div>\n\t\t\t\t<div class=\"elementor-element elementor-element-3a3306f elementor-widget elementor-widget-spacer\" data-id=\"3a3306f\" data-element_type=\"widget\" data-widget_type=\"spacer.default\">\n\t\t\t\t<div class=\"elementor-widget-container\">\n\t\t\t\t\t\t\t<div class=\"elementor-spacer\">\n\t\t\t<div class=\"elementor-spacer-inner\"><\/div>\n\t\t<\/div>\n\t\t\t\t\t\t<\/div>\n\t\t\t\t<\/div>\n\t\t\t\t<div class=\"elementor-element elementor-element-36dad16 elementor-widget elementor-widget-heading\" data-id=\"36dad16\" data-element_type=\"widget\" data-widget_type=\"heading.default\">\n\t\t\t\t<div class=\"elementor-widget-container\">\n\t\t\t\t\t<h2 class=\"elementor-heading-title elementor-size-default\">&gt; Appel \u00e0 cr\u00e9ations sonores documentaires<\/h2>\t\t\t\t<\/div>\n\t\t\t\t<\/div>\n\t\t\t\t<div class=\"elementor-element elementor-element-8315ae6 elementor-widget elementor-widget-text-editor\" data-id=\"8315ae6\" data-element_type=\"widget\" data-widget_type=\"text-editor.default\">\n\t\t\t\t<div class=\"elementor-widget-container\">\n\t\t\t\t\t\t\t\t\t<p><span style=\"font-weight: 400;\">Pour sa 4\u00e8me \u00e9dition, le festival Les Docs de Noirmoutier lance \u00e0 nouveau son appel \u00e0 <\/span><b>cr\u00e9ations sonores documentaires.<\/b><\/p><p><span style=\"font-weight: 400;\">Comme chaque ann\u00e9e, nous souhaitons avec cet appel <\/span><b>d\u00e9nicher de nouveaux talents <\/b><span style=\"font-weight: 400;\">et <\/span><b>\u00eatre un lieu de rencontre et de diffusion de la cr\u00e9ation contemporaine<\/b><span style=\"font-weight: 400;\">. Nous pensons que la cr\u00e9ation sonore documentaire peut \u00eatre un espace de grande libert\u00e9 artistique tout en d\u00e9pendant de moyens \u00e9conomiques et techniques tr\u00e8s divers. Le festival a pour mission de rendre compte de cette pluralit\u00e9 et de la vivacit\u00e9 de cette cr\u00e9ation documentaire.\u00a0<\/span><\/p><p><span style=\"font-weight: 400;\">Les cr\u00e9ations sonores que le festival promeut placent le son au c\u0153ur de l&rsquo;\u0153uvre. Elles se d\u00e9marquent de celles o\u00f9 le son ne rev\u00eat que la fonction explicative. Elles tendent aussi \u00e0 faire r\u00e9sonner le r\u00e9el tout en rendant compte des nuances et de la complexit\u00e9 du monde qui nous entoure.<\/span><\/p><p><span style=\"font-weight: 400;\">A l\u2019instar du documentaire de cr\u00e9ation que le festival diffuse, la cr\u00e9ation sonore documentaire se d\u00e9finit par un regard singulier pos\u00e9 sur le monde, ici transform\u00e9 en une \u00e9coute tout aussi singuli\u00e8re. Le son, la voix, la narration, l\u2019a-narration deviennent les vecteurs d\u2019une interpr\u00e9tation du r\u00e9el, confi\u00e9e au public, alors livr\u00e9 \u00e0 ses propres sensations, sa propre interpr\u00e9tation, son propre imaginaire.\u00a0<\/span><\/p><p><span style=\"font-weight: 400;\">Cette ann\u00e9e, nous avons le plaisir d&rsquo;accueillir dans l\u2019\u00e9quipe <\/span><i><span style=\"font-weight: 400;\">Programmation Sonore<\/span><\/i><span style=\"font-weight: 400;\"> la laur\u00e9ate de l\u2019appel 2024, Benjamine S\u00e9l\u00e9n\u00e9. Son \u00e9coute et son parcours de chercheuse viendront nourrir nos d\u00e9bats et animer nos r\u00e9flexions tout au long de la phase de s\u00e9lection.<\/span><\/p><p><span style=\"font-weight: 400;\">Toutes les conditions pour soumettre vos cr\u00e9ations sont pr\u00e9cis\u00e9es ci-dessous :<\/span><\/p><ul><li style=\"font-weight: 400;\" aria-level=\"1\"><span style=\"font-weight: 400;\">L\u2019oeuvre doit entrer dans la th\u00e9matique de la troisi\u00e8me \u00e9dition du festival <\/span><b>\u201cVoyages\u201d<\/b><\/li><li style=\"font-weight: 400;\" aria-level=\"1\"><span style=\"font-weight: 400;\">La dur\u00e9e de l&rsquo;\u0153uvre ne doit pas exc\u00e9der <\/span><b>trente minutes<\/b><\/li><li style=\"font-weight: 400;\" aria-level=\"1\"><span style=\"font-weight: 400;\">L\u2019oeuvre doit \u00eatre envoy\u00e9e <\/span><b><i>via <\/i><\/b><b>un lien<\/b><span style=\"font-weight: 400;\"> (public ou priv\u00e9) sur une plateforme d\u2019\u00e9coute<\/span><\/li><li style=\"font-weight: 400;\" aria-level=\"1\"><span style=\"font-weight: 400;\">La candidature doit \u00eatre accompagn\u00e9e d\u2019une <\/span><b>courte note d\u2019intention<\/b><span style=\"font-weight: 400;\"> (1 page maximum)<\/span><\/li><\/ul><p><span style=\"font-weight: 400;\">Les laur\u00e9at.es pourront \u00eatre invit\u00e9.es durant le festival, \u00e0 pr\u00e9senter leurs \u0153uvres et participer aux diff\u00e9rents \u00e9changes pr\u00e9vus (d\u00e9bats, table ronde). Une dotation de 100 euros r\u00e9compensera les \u0153uvres s\u00e9lectionn\u00e9es dans le cadre de l\u2019appel.<\/span><\/p><p><span style=\"font-weight: 400;\">Le festival se d\u00e9roulera du<\/span><b> 18 au 21 avril 2025<\/b><\/p><p><span style=\"font-weight: 400;\">Envoyez vos oeuvres \u00e0 : appel@lesdocsdenoirmoutier.fr.<br \/>Le r\u00e8glement est disponible <\/span><a href=\"https:\/\/drive.google.com\/file\/d\/1FExVFOaV4fFIhVFSxBCDvOSz1Fss9WwF\/view?usp=drive_link\"><b>ici<\/b><span style=\"font-weight: 400;\">.<\/span><\/a><\/p><p><b>Date limite des candidatures : 31 d\u00e9cembre 2024<\/b><\/p><p><span style=\"font-weight: 400;\">Au plaisir de vous \u00e9couter !<\/span><\/p><p><span style=\"font-weight: 400;\">Les Dockers<\/span><\/p>\t\t\t\t\t\t\t\t<\/div>\n\t\t\t\t<\/div>\n\t\t\t\t<div class=\"elementor-element elementor-element-a57bd41 elementor-align-left elementor-widget elementor-widget-button\" data-id=\"a57bd41\" data-element_type=\"widget\" data-widget_type=\"button.default\">\n\t\t\t\t<div class=\"elementor-widget-container\">\n\t\t\t\t\t\t\t\t\t<div class=\"elementor-button-wrapper\">\n\t\t\t\t\t<a class=\"elementor-button elementor-button-link elementor-size-sm\" href=\"mailto:docsonore@lesdocsdenoirmoutier.fr\" target=\"_blank\">\n\t\t\t\t\t\t<span class=\"elementor-button-content-wrapper\">\n\t\t\t\t\t\t\t\t\t<span class=\"elementor-button-text\">Participer<\/span>\n\t\t\t\t\t<\/span>\n\t\t\t\t\t<\/a>\n\t\t\t\t<\/div>\n\t\t\t\t\t\t\t\t<\/div>\n\t\t\t\t<\/div>\n\t\t\t\t<div class=\"elementor-element elementor-element-cb8b81f elementor-widget elementor-widget-spacer\" data-id=\"cb8b81f\" data-element_type=\"widget\" data-widget_type=\"spacer.default\">\n\t\t\t\t<div class=\"elementor-widget-container\">\n\t\t\t\t\t\t\t<div class=\"elementor-spacer\">\n\t\t\t<div class=\"elementor-spacer-inner\"><\/div>\n\t\t<\/div>\n\t\t\t\t\t\t<\/div>\n\t\t\t\t<\/div>\n\t\t\t\t\t<\/div>\n\t\t<\/div>\n\t\t\t\t\t<\/div>\n\t\t<\/section>\n\t\t\t\t<\/div>\n\t\t","protected":false},"excerpt":{"rendered":"<p>Appel \u00e0 projets &gt; Appel \u00e0 cr\u00e9ations sonores documentaires Pour sa 4\u00e8me \u00e9dition, le festival Les Docs de Noirmoutier lance \u00e0 nouveau son appel \u00e0 cr\u00e9ations sonores documentaires. Comme chaque ann\u00e9e, nous souhaitons avec cet appel d\u00e9nicher de nouveaux talents et \u00eatre un lieu de rencontre et de diffusion de la cr\u00e9ation contemporaine. Nous pensons&#8230;<\/p>\n","protected":false},"author":1,"featured_media":0,"parent":0,"menu_order":0,"comment_status":"closed","ping_status":"closed","template":"","meta":{"_mo_disable_npp":"","_kad_post_transparent":"","_kad_post_title":"hide","_kad_post_layout":"fullwidth","_kad_post_sidebar_id":"","_kad_post_content_style":"unboxed","_kad_post_vertical_padding":"hide","_kad_post_feature":"hide","_kad_post_feature_position":"","_kad_post_header":false,"_kad_post_footer":false,"footnotes":""},"class_list":["post-217","page","type-page","status-publish","hentry"],"yoast_head":"<!-- This site is optimized with the Yoast SEO plugin v27.3 - https:\/\/yoast.com\/product\/yoast-seo-wordpress\/ -->\n<title>Appel \u00e0 projets - Les Docs de Noirmoutier<\/title>\n<meta name=\"robots\" content=\"index, follow, max-snippet:-1, max-image-preview:large, max-video-preview:-1\" \/>\n<link rel=\"canonical\" href=\"https:\/\/lesdocsdenoirmoutier.fr\/?page_id=217\" \/>\n<meta property=\"og:locale\" content=\"fr_FR\" \/>\n<meta property=\"og:type\" content=\"article\" \/>\n<meta property=\"og:title\" content=\"Appel \u00e0 projets - Les Docs de Noirmoutier\" \/>\n<meta property=\"og:description\" content=\"Appel \u00e0 projets &gt; Appel \u00e0 cr\u00e9ations sonores documentaires Pour sa 4\u00e8me \u00e9dition, le festival Les Docs de Noirmoutier lance \u00e0 nouveau son appel \u00e0 cr\u00e9ations sonores documentaires. Comme chaque ann\u00e9e, nous souhaitons avec cet appel d\u00e9nicher de nouveaux talents et \u00eatre un lieu de rencontre et de diffusion de la cr\u00e9ation contemporaine. Nous pensons...\" \/>\n<meta property=\"og:url\" content=\"https:\/\/lesdocsdenoirmoutier.fr\/?page_id=217\" \/>\n<meta property=\"og:site_name\" content=\"Les Docs de Noirmoutier\" \/>\n<meta property=\"article:publisher\" content=\"https:\/\/www.facebook.com\/lesdocsdenoirmoutier\" \/>\n<meta property=\"article:modified_time\" content=\"2024-12-10T17:57:40+00:00\" \/>\n<meta name=\"twitter:card\" content=\"summary_large_image\" \/>\n<meta name=\"twitter:label1\" content=\"Dur\u00e9e de lecture estim\u00e9e\" \/>\n\t<meta name=\"twitter:data1\" content=\"2 minutes\" \/>\n<script type=\"application\/ld+json\" class=\"yoast-schema-graph\">{\"@context\":\"https:\\\/\\\/schema.org\",\"@graph\":[{\"@type\":\"WebPage\",\"@id\":\"https:\\\/\\\/lesdocsdenoirmoutier.fr\\\/?page_id=217\",\"url\":\"https:\\\/\\\/lesdocsdenoirmoutier.fr\\\/?page_id=217\",\"name\":\"Appel \u00e0 projets - Les Docs de Noirmoutier\",\"isPartOf\":{\"@id\":\"https:\\\/\\\/lesdocsdenoirmoutier.fr\\\/#website\"},\"datePublished\":\"2021-05-07T14:56:32+00:00\",\"dateModified\":\"2024-12-10T17:57:40+00:00\",\"breadcrumb\":{\"@id\":\"https:\\\/\\\/lesdocsdenoirmoutier.fr\\\/?page_id=217#breadcrumb\"},\"inLanguage\":\"fr-FR\",\"potentialAction\":[{\"@type\":\"ReadAction\",\"target\":[\"https:\\\/\\\/lesdocsdenoirmoutier.fr\\\/?page_id=217\"]}]},{\"@type\":\"BreadcrumbList\",\"@id\":\"https:\\\/\\\/lesdocsdenoirmoutier.fr\\\/?page_id=217#breadcrumb\",\"itemListElement\":[{\"@type\":\"ListItem\",\"position\":1,\"name\":\"Accueil\",\"item\":\"https:\\\/\\\/lesdocsdenoirmoutier.fr\\\/\"},{\"@type\":\"ListItem\",\"position\":2,\"name\":\"Appel \u00e0 projets\"}]},{\"@type\":\"WebSite\",\"@id\":\"https:\\\/\\\/lesdocsdenoirmoutier.fr\\\/#website\",\"url\":\"https:\\\/\\\/lesdocsdenoirmoutier.fr\\\/\",\"name\":\"Les Docs de Noirmoutier\",\"description\":\"Festival de Documentaires sur l\u2019\u00eele de Noirmoutier\",\"publisher\":{\"@id\":\"https:\\\/\\\/lesdocsdenoirmoutier.fr\\\/#organization\"},\"potentialAction\":[{\"@type\":\"SearchAction\",\"target\":{\"@type\":\"EntryPoint\",\"urlTemplate\":\"https:\\\/\\\/lesdocsdenoirmoutier.fr\\\/?s={search_term_string}\"},\"query-input\":{\"@type\":\"PropertyValueSpecification\",\"valueRequired\":true,\"valueName\":\"search_term_string\"}}],\"inLanguage\":\"fr-FR\"},{\"@type\":\"Organization\",\"@id\":\"https:\\\/\\\/lesdocsdenoirmoutier.fr\\\/#organization\",\"name\":\"Les Docs de Noirmoutier\",\"url\":\"https:\\\/\\\/lesdocsdenoirmoutier.fr\\\/\",\"logo\":{\"@type\":\"ImageObject\",\"inLanguage\":\"fr-FR\",\"@id\":\"https:\\\/\\\/lesdocsdenoirmoutier.fr\\\/#\\\/schema\\\/logo\\\/image\\\/\",\"url\":\"https:\\\/\\\/lesdocsdenoirmoutier.fr\\\/wp-content\\\/uploads\\\/2021\\\/05\\\/cropped-HD_LES-DOCS-DE-NOIRMOUTIERS_Logo_RVB_Fond-Clair-1.png\",\"contentUrl\":\"https:\\\/\\\/lesdocsdenoirmoutier.fr\\\/wp-content\\\/uploads\\\/2021\\\/05\\\/cropped-HD_LES-DOCS-DE-NOIRMOUTIERS_Logo_RVB_Fond-Clair-1.png\",\"width\":7064,\"height\":3098,\"caption\":\"Les Docs de Noirmoutier\"},\"image\":{\"@id\":\"https:\\\/\\\/lesdocsdenoirmoutier.fr\\\/#\\\/schema\\\/logo\\\/image\\\/\"},\"sameAs\":[\"https:\\\/\\\/www.facebook.com\\\/lesdocsdenoirmoutier\",\"https:\\\/\\\/www.instagram.com\\\/lesdocsdenoirmoutier\\\/\"]}]}<\/script>\n<!-- \/ Yoast SEO plugin. -->","yoast_head_json":{"title":"Appel \u00e0 projets - Les Docs de Noirmoutier","robots":{"index":"index","follow":"follow","max-snippet":"max-snippet:-1","max-image-preview":"max-image-preview:large","max-video-preview":"max-video-preview:-1"},"canonical":"https:\/\/lesdocsdenoirmoutier.fr\/?page_id=217","og_locale":"fr_FR","og_type":"article","og_title":"Appel \u00e0 projets - Les Docs de Noirmoutier","og_description":"Appel \u00e0 projets &gt; Appel \u00e0 cr\u00e9ations sonores documentaires Pour sa 4\u00e8me \u00e9dition, le festival Les Docs de Noirmoutier lance \u00e0 nouveau son appel \u00e0 cr\u00e9ations sonores documentaires. Comme chaque ann\u00e9e, nous souhaitons avec cet appel d\u00e9nicher de nouveaux talents et \u00eatre un lieu de rencontre et de diffusion de la cr\u00e9ation contemporaine. Nous pensons...","og_url":"https:\/\/lesdocsdenoirmoutier.fr\/?page_id=217","og_site_name":"Les Docs de Noirmoutier","article_publisher":"https:\/\/www.facebook.com\/lesdocsdenoirmoutier","article_modified_time":"2024-12-10T17:57:40+00:00","twitter_card":"summary_large_image","twitter_misc":{"Dur\u00e9e de lecture estim\u00e9e":"2 minutes"},"schema":{"@context":"https:\/\/schema.org","@graph":[{"@type":"WebPage","@id":"https:\/\/lesdocsdenoirmoutier.fr\/?page_id=217","url":"https:\/\/lesdocsdenoirmoutier.fr\/?page_id=217","name":"Appel \u00e0 projets - Les Docs de Noirmoutier","isPartOf":{"@id":"https:\/\/lesdocsdenoirmoutier.fr\/#website"},"datePublished":"2021-05-07T14:56:32+00:00","dateModified":"2024-12-10T17:57:40+00:00","breadcrumb":{"@id":"https:\/\/lesdocsdenoirmoutier.fr\/?page_id=217#breadcrumb"},"inLanguage":"fr-FR","potentialAction":[{"@type":"ReadAction","target":["https:\/\/lesdocsdenoirmoutier.fr\/?page_id=217"]}]},{"@type":"BreadcrumbList","@id":"https:\/\/lesdocsdenoirmoutier.fr\/?page_id=217#breadcrumb","itemListElement":[{"@type":"ListItem","position":1,"name":"Accueil","item":"https:\/\/lesdocsdenoirmoutier.fr\/"},{"@type":"ListItem","position":2,"name":"Appel \u00e0 projets"}]},{"@type":"WebSite","@id":"https:\/\/lesdocsdenoirmoutier.fr\/#website","url":"https:\/\/lesdocsdenoirmoutier.fr\/","name":"Les Docs de Noirmoutier","description":"Festival de Documentaires sur l\u2019\u00eele de Noirmoutier","publisher":{"@id":"https:\/\/lesdocsdenoirmoutier.fr\/#organization"},"potentialAction":[{"@type":"SearchAction","target":{"@type":"EntryPoint","urlTemplate":"https:\/\/lesdocsdenoirmoutier.fr\/?s={search_term_string}"},"query-input":{"@type":"PropertyValueSpecification","valueRequired":true,"valueName":"search_term_string"}}],"inLanguage":"fr-FR"},{"@type":"Organization","@id":"https:\/\/lesdocsdenoirmoutier.fr\/#organization","name":"Les Docs de Noirmoutier","url":"https:\/\/lesdocsdenoirmoutier.fr\/","logo":{"@type":"ImageObject","inLanguage":"fr-FR","@id":"https:\/\/lesdocsdenoirmoutier.fr\/#\/schema\/logo\/image\/","url":"https:\/\/lesdocsdenoirmoutier.fr\/wp-content\/uploads\/2021\/05\/cropped-HD_LES-DOCS-DE-NOIRMOUTIERS_Logo_RVB_Fond-Clair-1.png","contentUrl":"https:\/\/lesdocsdenoirmoutier.fr\/wp-content\/uploads\/2021\/05\/cropped-HD_LES-DOCS-DE-NOIRMOUTIERS_Logo_RVB_Fond-Clair-1.png","width":7064,"height":3098,"caption":"Les Docs de Noirmoutier"},"image":{"@id":"https:\/\/lesdocsdenoirmoutier.fr\/#\/schema\/logo\/image\/"},"sameAs":["https:\/\/www.facebook.com\/lesdocsdenoirmoutier","https:\/\/www.instagram.com\/lesdocsdenoirmoutier\/"]}]}},"_links":{"self":[{"href":"https:\/\/lesdocsdenoirmoutier.fr\/index.php?rest_route=\/wp\/v2\/pages\/217","targetHints":{"allow":["GET"]}}],"collection":[{"href":"https:\/\/lesdocsdenoirmoutier.fr\/index.php?rest_route=\/wp\/v2\/pages"}],"about":[{"href":"https:\/\/lesdocsdenoirmoutier.fr\/index.php?rest_route=\/wp\/v2\/types\/page"}],"author":[{"embeddable":true,"href":"https:\/\/lesdocsdenoirmoutier.fr\/index.php?rest_route=\/wp\/v2\/users\/1"}],"replies":[{"embeddable":true,"href":"https:\/\/lesdocsdenoirmoutier.fr\/index.php?rest_route=%2Fwp%2Fv2%2Fcomments&post=217"}],"version-history":[{"count":112,"href":"https:\/\/lesdocsdenoirmoutier.fr\/index.php?rest_route=\/wp\/v2\/pages\/217\/revisions"}],"predecessor-version":[{"id":5957,"href":"https:\/\/lesdocsdenoirmoutier.fr\/index.php?rest_route=\/wp\/v2\/pages\/217\/revisions\/5957"}],"wp:attachment":[{"href":"https:\/\/lesdocsdenoirmoutier.fr\/index.php?rest_route=%2Fwp%2Fv2%2Fmedia&parent=217"}],"curies":[{"name":"wp","href":"https:\/\/api.w.org\/{rel}","templated":true}]}}