{"id":5342,"date":"2024-02-23T16:51:02","date_gmt":"2024-02-23T15:51:02","guid":{"rendered":"https:\/\/lesdocsdenoirmoutier.fr\/?page_id=5342"},"modified":"2024-02-23T18:26:31","modified_gmt":"2024-02-23T17:26:31","slug":"expophoto24","status":"publish","type":"page","link":"https:\/\/lesdocsdenoirmoutier.fr\/?page_id=5342","title":{"rendered":"Exposition Photographique 2024"},"content":{"rendered":"\t\t<div data-elementor-type=\"wp-page\" data-elementor-id=\"5342\" class=\"elementor elementor-5342\" data-elementor-post-type=\"page\">\n\t\t\t\t\t\t<section class=\"elementor-section elementor-top-section elementor-element elementor-element-6921a938 elementor-section-boxed elementor-section-height-default elementor-section-height-default\" data-id=\"6921a938\" data-element_type=\"section\">\n\t\t\t\t\t\t<div class=\"elementor-container elementor-column-gap-default\">\n\t\t\t\t\t<div class=\"elementor-column elementor-col-100 elementor-top-column elementor-element elementor-element-272eb4a7\" data-id=\"272eb4a7\" data-element_type=\"column\" data-settings=\"{&quot;background_background&quot;:&quot;classic&quot;}\">\n\t\t\t<div class=\"elementor-widget-wrap elementor-element-populated\">\n\t\t\t\t\t\t<div class=\"elementor-element elementor-element-b07ab28 elementor-hidden-mobile elementor-widget elementor-widget-spacer\" data-id=\"b07ab28\" data-element_type=\"widget\" data-widget_type=\"spacer.default\">\n\t\t\t\t<div class=\"elementor-widget-container\">\n\t\t\t\t\t\t\t<div class=\"elementor-spacer\">\n\t\t\t<div class=\"elementor-spacer-inner\"><\/div>\n\t\t<\/div>\n\t\t\t\t\t\t<\/div>\n\t\t\t\t<\/div>\n\t\t\t\t<div class=\"elementor-element elementor-element-1d8c9fe elementor-widget elementor-widget-heading\" data-id=\"1d8c9fe\" data-element_type=\"widget\" data-widget_type=\"heading.default\">\n\t\t\t\t<div class=\"elementor-widget-container\">\n\t\t\t\t\t<h2 class=\"elementor-heading-title elementor-size-default\">Exposition photographique<\/h2>\t\t\t\t<\/div>\n\t\t\t\t<\/div>\n\t\t\t\t\t<\/div>\n\t\t<\/div>\n\t\t\t\t\t<\/div>\n\t\t<\/section>\n\t\t\t\t<section class=\"elementor-section elementor-top-section elementor-element elementor-element-8e14d58 elementor-section-boxed elementor-section-height-default elementor-section-height-default\" data-id=\"8e14d58\" data-element_type=\"section\">\n\t\t\t\t\t\t<div class=\"elementor-container elementor-column-gap-default\">\n\t\t\t\t\t<div class=\"elementor-column elementor-col-33 elementor-top-column elementor-element elementor-element-657edbd\" data-id=\"657edbd\" data-element_type=\"column\">\n\t\t\t<div class=\"elementor-widget-wrap elementor-element-populated\">\n\t\t\t\t\t\t<div class=\"elementor-element elementor-element-5898bba elementor-widget__width-initial elementor-hidden-mobile elementor-widget elementor-widget-image\" data-id=\"5898bba\" data-element_type=\"widget\" data-widget_type=\"image.default\">\n\t\t\t\t<div class=\"elementor-widget-container\">\n\t\t\t\t\t\t\t\t\t\t\t\t\t\t\t<img fetchpriority=\"high\" decoding=\"async\" width=\"436\" height=\"799\" src=\"https:\/\/lesdocsdenoirmoutier.fr\/wp-content\/uploads\/2024\/02\/selection_1_Sarah_Braeck_Page_1_Image_0001.jpg\" class=\"attachment-full size-full wp-image-5351\" alt=\"\" srcset=\"https:\/\/lesdocsdenoirmoutier.fr\/wp-content\/uploads\/2024\/02\/selection_1_Sarah_Braeck_Page_1_Image_0001.jpg 436w, https:\/\/lesdocsdenoirmoutier.fr\/wp-content\/uploads\/2024\/02\/selection_1_Sarah_Braeck_Page_1_Image_0001-164x300.jpg 164w\" sizes=\"(max-width: 436px) 100vw, 436px\" \/>\t\t\t\t\t\t\t\t\t\t\t\t\t\t\t<\/div>\n\t\t\t\t<\/div>\n\t\t\t\t\t<\/div>\n\t\t<\/div>\n\t\t\t\t<div class=\"elementor-column elementor-col-66 elementor-top-column elementor-element elementor-element-f02f55e\" data-id=\"f02f55e\" data-element_type=\"column\">\n\t\t\t<div class=\"elementor-widget-wrap elementor-element-populated\">\n\t\t\t\t\t\t<div class=\"elementor-element elementor-element-921cb95 elementor-widget elementor-widget-text-editor\" data-id=\"921cb95\" data-element_type=\"widget\" data-widget_type=\"text-editor.default\">\n\t\t\t\t<div class=\"elementor-widget-container\">\n\t\t\t\t\t\t\t\t\t<p style=\"margin-bottom: var(--global-md-spacing);\"><span style=\"font-weight: bold; color: #333399;\">L\u00e0 o\u00f9 disparaissent les lumi\u00e8res<br \/><\/span><span style=\"color: var( --e-global-color-text ); font-family: var( --e-global-typography-text-font-family ), Sans-serif; background-color: transparent;\"><span style=\"font-weight: bold;\"><br \/><\/span>Cette ann\u00e9e, le festival choisit de mettre en regard le travail de quatre artistes-photographes: <strong>Alice Pallot, Sarah Braeck, Leslie Moquin et Carole Thibaud<\/strong>. <\/span><\/p><p style=\"margin-bottom: var(--global-md-spacing);\"><span style=\"color: var( --e-global-color-text ); font-family: var( --e-global-typography-text-font-family ), Sans-serif; background-color: transparent;\">Par un travail engag\u00e9 \u00e0 la fois documentaire et artistique, elles se confrontent \u00e0 la crise climatique et environnementale et ses cons\u00e9quences sur les milieux marins. <br \/>Alliant enqu\u00eates de terrain, collectes de donn\u00e9es scientifiques et recherches sur le support photographique, elles abordent, chacune \u00e0 leur mani\u00e8re, cette crise aux cent visages. <br \/>H\u00e9riti\u00e8res de la photographie documentaire, elles usent de stratag\u00e8mes plastiques afin de r\u00e9v\u00e9ler l\u2019invisible, l\u2019intangible, l\u2019infiniment petit et le toxique. <\/span><\/p><p style=\"margin-bottom: var(--global-md-spacing);\"><span style=\"color: var( --e-global-color-text ); font-family: var( --e-global-typography-text-font-family ), Sans-serif; background-color: transparent;\">Parce que l\u2019\u00e9cologie est une question d\u2019ouverture et d\u2019\u00e9merveillement, qui touche aussi bien le collectif que l\u2019intime, cette exposition propose de plonger les spectateur.ice.s sous la surface des eaux.\u00a0<\/span><i style=\"color: var( --e-global-color-text ); font-family: var( --e-global-typography-text-font-family ), Sans-serif; font-weight: var( --e-global-typography-text-font-weight ); background-color: transparent;\">L\u00e0 o\u00f9 disparaissent les lumi\u00e8res,<\/i><span style=\"color: var( --e-global-color-text ); font-family: var( --e-global-typography-text-font-family ), Sans-serif; background-color: transparent;\">\u00a0part \u00e0 la rencontre des peuples des mers, rappelant que la survie de la biodiversit\u00e9 marine conditionne la vie humaine.<\/span><\/p>\t\t\t\t\t\t\t\t<\/div>\n\t\t\t\t<\/div>\n\t\t\t\t\t<\/div>\n\t\t<\/div>\n\t\t\t\t\t<\/div>\n\t\t<\/section>\n\t\t\t\t<section class=\"elementor-section elementor-top-section elementor-element elementor-element-99a8620 elementor-section-boxed elementor-section-height-default elementor-section-height-default\" data-id=\"99a8620\" data-element_type=\"section\">\n\t\t\t\t\t\t<div class=\"elementor-container elementor-column-gap-default\">\n\t\t\t\t\t<div class=\"elementor-column elementor-col-100 elementor-top-column elementor-element elementor-element-678bd30\" data-id=\"678bd30\" data-element_type=\"column\">\n\t\t\t<div class=\"elementor-widget-wrap elementor-element-populated\">\n\t\t\t\t\t\t<div class=\"elementor-element elementor-element-40e3d6c elementor-widget elementor-widget-heading\" data-id=\"40e3d6c\" data-element_type=\"widget\" data-widget_type=\"heading.default\">\n\t\t\t\t<div class=\"elementor-widget-container\">\n\t\t\t\t\t<h2 class=\"elementor-heading-title elementor-size-default\">Les artistes et s\u00e9ries de l'exposition<\/h2>\t\t\t\t<\/div>\n\t\t\t\t<\/div>\n\t\t\t\t<div class=\"elementor-element elementor-element-9baa8bf elementor-grid-4 elementor-grid-tablet-2 elementor-grid-mobile-1 elementor-widget elementor-widget-portfolio\" data-id=\"9baa8bf\" data-element_type=\"widget\" data-settings=\"{&quot;row_gap&quot;:{&quot;unit&quot;:&quot;px&quot;,&quot;size&quot;:14,&quot;sizes&quot;:[]},&quot;columns&quot;:&quot;4&quot;,&quot;columns_tablet&quot;:&quot;2&quot;,&quot;columns_mobile&quot;:&quot;1&quot;,&quot;item_ratio&quot;:{&quot;unit&quot;:&quot;px&quot;,&quot;size&quot;:0.66,&quot;sizes&quot;:[]},&quot;item_gap&quot;:{&quot;unit&quot;:&quot;px&quot;,&quot;size&quot;:&quot;&quot;,&quot;sizes&quot;:[]}}\" data-widget_type=\"portfolio.default\">\n\t\t\t\t<div class=\"elementor-widget-container\">\n\t\t\t\t\t\t\t<div class=\"elementor-portfolio elementor-grid elementor-posts-container\">\n\t\t\t\t<article class=\"elementor-portfolio-item elementor-post  post-5356 post type-post status-publish format-standard has-post-thumbnail hentry category-exposition-photographique-2024\">\n\t\t\t<a class=\"elementor-post__thumbnail__link\" href=\"https:\/\/lesdocsdenoirmoutier.fr\/?p=5356\">\n\t\t\t\t<div class=\"elementor-portfolio-item__img elementor-post__thumbnail\">\n\t\t\t<img decoding=\"async\" width=\"300\" height=\"199\" src=\"https:\/\/lesdocsdenoirmoutier.fr\/wp-content\/uploads\/2024\/02\/Alice-Pallot_Algues_maudites_noir_moutier_Page_04_Image_0001-300x199.jpg\" class=\"attachment-medium size-medium wp-image-5360\" alt=\"\" srcset=\"https:\/\/lesdocsdenoirmoutier.fr\/wp-content\/uploads\/2024\/02\/Alice-Pallot_Algues_maudites_noir_moutier_Page_04_Image_0001-300x199.jpg 300w, https:\/\/lesdocsdenoirmoutier.fr\/wp-content\/uploads\/2024\/02\/Alice-Pallot_Algues_maudites_noir_moutier_Page_04_Image_0001-1024x679.jpg 1024w, https:\/\/lesdocsdenoirmoutier.fr\/wp-content\/uploads\/2024\/02\/Alice-Pallot_Algues_maudites_noir_moutier_Page_04_Image_0001-768x509.jpg 768w, https:\/\/lesdocsdenoirmoutier.fr\/wp-content\/uploads\/2024\/02\/Alice-Pallot_Algues_maudites_noir_moutier_Page_04_Image_0001-1536x1019.jpg 1536w, https:\/\/lesdocsdenoirmoutier.fr\/wp-content\/uploads\/2024\/02\/Alice-Pallot_Algues_maudites_noir_moutier_Page_04_Image_0001.jpg 1544w\" sizes=\"(max-width: 300px) 100vw, 300px\" \/>\t\t<\/div>\n\t\t\t\t<div class=\"elementor-portfolio-item__overlay\">\n\t\t\t\t<h3 class=\"elementor-portfolio-item__title\">\n\t\tAlgues Maudites &#8211; Alice Pallot\t\t<\/h3>\n\t\t\t\t<\/div>\n\t\t\t\t<\/a>\n\t\t<\/article>\n\t\t\t\t<article class=\"elementor-portfolio-item elementor-post  post-5389 post type-post status-publish format-standard has-post-thumbnail hentry category-exposition-photographique-2024\">\n\t\t\t<a class=\"elementor-post__thumbnail__link\" href=\"https:\/\/lesdocsdenoirmoutier.fr\/?p=5389\">\n\t\t\t\t<div class=\"elementor-portfolio-item__img elementor-post__thumbnail\">\n\t\t\t<img decoding=\"async\" width=\"300\" height=\"201\" src=\"https:\/\/lesdocsdenoirmoutier.fr\/wp-content\/uploads\/2024\/02\/selection_1_Sarah_Braeck_Page_1_Image_0002-300x201.jpg\" class=\"attachment-medium size-medium wp-image-5391\" alt=\"\" srcset=\"https:\/\/lesdocsdenoirmoutier.fr\/wp-content\/uploads\/2024\/02\/selection_1_Sarah_Braeck_Page_1_Image_0002-300x201.jpg 300w, https:\/\/lesdocsdenoirmoutier.fr\/wp-content\/uploads\/2024\/02\/selection_1_Sarah_Braeck_Page_1_Image_0002-768x515.jpg 768w, https:\/\/lesdocsdenoirmoutier.fr\/wp-content\/uploads\/2024\/02\/selection_1_Sarah_Braeck_Page_1_Image_0002.jpg 796w\" sizes=\"(max-width: 300px) 100vw, 300px\" \/>\t\t<\/div>\n\t\t\t\t<div class=\"elementor-portfolio-item__overlay\">\n\t\t\t\t<h3 class=\"elementor-portfolio-item__title\">\n\t\tLes Courants de Lumi\u00e8re &#8211; Sarah Braeck\t\t<\/h3>\n\t\t\t\t<\/div>\n\t\t\t\t<\/a>\n\t\t<\/article>\n\t\t\t\t<article class=\"elementor-portfolio-item elementor-post  post-5405 post type-post status-publish format-standard has-post-thumbnail hentry category-exposition-photographique-2024\">\n\t\t\t<a class=\"elementor-post__thumbnail__link\" href=\"https:\/\/lesdocsdenoirmoutier.fr\/?p=5405\">\n\t\t\t\t<div class=\"elementor-portfolio-item__img elementor-post__thumbnail\">\n\t\t\t<img loading=\"lazy\" decoding=\"async\" width=\"220\" height=\"300\" src=\"https:\/\/lesdocsdenoirmoutier.fr\/wp-content\/uploads\/2024\/02\/24-x-30-Algue-verte-220x300.jpg\" class=\"attachment-medium size-medium wp-image-5520\" alt=\"\" srcset=\"https:\/\/lesdocsdenoirmoutier.fr\/wp-content\/uploads\/2024\/02\/24-x-30-Algue-verte-220x300.jpg 220w, https:\/\/lesdocsdenoirmoutier.fr\/wp-content\/uploads\/2024\/02\/24-x-30-Algue-verte-750x1024.jpg 750w, https:\/\/lesdocsdenoirmoutier.fr\/wp-content\/uploads\/2024\/02\/24-x-30-Algue-verte-768x1048.jpg 768w, https:\/\/lesdocsdenoirmoutier.fr\/wp-content\/uploads\/2024\/02\/24-x-30-Algue-verte-1126x1536.jpg 1126w, https:\/\/lesdocsdenoirmoutier.fr\/wp-content\/uploads\/2024\/02\/24-x-30-Algue-verte-1501x2048.jpg 1501w, https:\/\/lesdocsdenoirmoutier.fr\/wp-content\/uploads\/2024\/02\/24-x-30-Algue-verte-scaled.jpg 1876w\" sizes=\"(max-width: 220px) 100vw, 220px\" \/>\t\t<\/div>\n\t\t\t\t<div class=\"elementor-portfolio-item__overlay\">\n\t\t\t\t<h3 class=\"elementor-portfolio-item__title\">\n\t\tCristaux Liquides &#8211; Carole Thibaud\t\t<\/h3>\n\t\t\t\t<\/div>\n\t\t\t\t<\/a>\n\t\t<\/article>\n\t\t\t\t<article class=\"elementor-portfolio-item elementor-post  post-5418 post type-post status-publish format-standard has-post-thumbnail hentry category-exposition-photographique-2024\">\n\t\t\t<a class=\"elementor-post__thumbnail__link\" href=\"https:\/\/lesdocsdenoirmoutier.fr\/?p=5418\">\n\t\t\t\t<div class=\"elementor-portfolio-item__img elementor-post__thumbnail\">\n\t\t\t<img loading=\"lazy\" decoding=\"async\" width=\"300\" height=\"212\" src=\"https:\/\/lesdocsdenoirmoutier.fr\/wp-content\/uploads\/2024\/02\/leslie-moquin-anthotype2-300x212.jpg\" class=\"attachment-medium size-medium wp-image-5420\" alt=\"\" srcset=\"https:\/\/lesdocsdenoirmoutier.fr\/wp-content\/uploads\/2024\/02\/leslie-moquin-anthotype2-300x212.jpg 300w, https:\/\/lesdocsdenoirmoutier.fr\/wp-content\/uploads\/2024\/02\/leslie-moquin-anthotype2-1024x724.jpg 1024w, https:\/\/lesdocsdenoirmoutier.fr\/wp-content\/uploads\/2024\/02\/leslie-moquin-anthotype2-768x543.jpg 768w, https:\/\/lesdocsdenoirmoutier.fr\/wp-content\/uploads\/2024\/02\/leslie-moquin-anthotype2-1536x1086.jpg 1536w, https:\/\/lesdocsdenoirmoutier.fr\/wp-content\/uploads\/2024\/02\/leslie-moquin-anthotype2.jpg 1670w\" sizes=\"(max-width: 300px) 100vw, 300px\" \/>\t\t<\/div>\n\t\t\t\t<div class=\"elementor-portfolio-item__overlay\">\n\t\t\t\t<h3 class=\"elementor-portfolio-item__title\">\n\t\tL&rsquo;hypoth\u00e8se du Rayon Vert &#8211; Leslie Moquin\t\t<\/h3>\n\t\t\t\t<\/div>\n\t\t\t\t<\/a>\n\t\t<\/article>\n\t\t\t\t<\/div>\n\t\t\t\t\t\t<\/div>\n\t\t\t\t<\/div>\n\t\t\t\t<div class=\"elementor-element elementor-element-595d503 elementor-widget-divider--view-line elementor-widget elementor-widget-divider\" data-id=\"595d503\" data-element_type=\"widget\" data-widget_type=\"divider.default\">\n\t\t\t\t<div class=\"elementor-widget-container\">\n\t\t\t\t\t\t\t<div class=\"elementor-divider\">\n\t\t\t<span class=\"elementor-divider-separator\">\n\t\t\t\t\t\t<\/span>\n\t\t<\/div>\n\t\t\t\t\t\t<\/div>\n\t\t\t\t<\/div>\n\t\t\t\t<div class=\"elementor-element elementor-element-a29bd42 elementor-widget elementor-widget-text-editor\" data-id=\"a29bd42\" data-element_type=\"widget\" data-widget_type=\"text-editor.default\">\n\t\t\t\t<div class=\"elementor-widget-container\">\n\t\t\t\t\t\t\t\t\t<p style=\"text-align: right;\"><em>Commissariat d&rsquo;exposition : Johanna Batardy \/ Sc\u00e9nographie : Graphset.<\/em><\/p>\t\t\t\t\t\t\t\t<\/div>\n\t\t\t\t<\/div>\n\t\t\t\t\t<\/div>\n\t\t<\/div>\n\t\t\t\t\t<\/div>\n\t\t<\/section>\n\t\t\t\t<\/div>\n\t\t","protected":false},"excerpt":{"rendered":"<p>Exposition photographique L\u00e0 o\u00f9 disparaissent les lumi\u00e8res Cette ann\u00e9e, le festival choisit de mettre en regard le travail de quatre artistes-photographes: Alice Pallot, Sarah Braeck, Leslie Moquin et Carole Thibaud. Par un travail engag\u00e9 \u00e0 la fois documentaire et artistique, elles se confrontent \u00e0 la crise climatique et environnementale et ses cons\u00e9quences sur les milieux&#8230;<\/p>\n","protected":false},"author":1,"featured_media":0,"parent":4627,"menu_order":0,"comment_status":"closed","ping_status":"closed","template":"","meta":{"_mo_disable_npp":"","_kad_post_transparent":"","_kad_post_title":"hide","_kad_post_layout":"fullwidth","_kad_post_sidebar_id":"","_kad_post_content_style":"unboxed","_kad_post_vertical_padding":"hide","_kad_post_feature":"hide","_kad_post_feature_position":"","_kad_post_header":false,"_kad_post_footer":false,"footnotes":""},"class_list":["post-5342","page","type-page","status-publish","hentry"],"yoast_head":"<!-- This site is optimized with the Yoast SEO plugin v27.3 - https:\/\/yoast.com\/product\/yoast-seo-wordpress\/ -->\n<title>Exposition Photographique 2024 - Les Docs de Noirmoutier<\/title>\n<meta name=\"robots\" content=\"index, follow, max-snippet:-1, max-image-preview:large, max-video-preview:-1\" \/>\n<link rel=\"canonical\" href=\"https:\/\/lesdocsdenoirmoutier.fr\/?page_id=5342\" \/>\n<meta property=\"og:locale\" content=\"fr_FR\" \/>\n<meta property=\"og:type\" content=\"article\" \/>\n<meta property=\"og:title\" content=\"Exposition Photographique 2024 - Les Docs de Noirmoutier\" \/>\n<meta property=\"og:description\" content=\"Exposition photographique L\u00e0 o\u00f9 disparaissent les lumi\u00e8res Cette ann\u00e9e, le festival choisit de mettre en regard le travail de quatre artistes-photographes: Alice Pallot, Sarah Braeck, Leslie Moquin et Carole Thibaud. Par un travail engag\u00e9 \u00e0 la fois documentaire et artistique, elles se confrontent \u00e0 la crise climatique et environnementale et ses cons\u00e9quences sur les milieux...\" \/>\n<meta property=\"og:url\" content=\"https:\/\/lesdocsdenoirmoutier.fr\/?page_id=5342\" \/>\n<meta property=\"og:site_name\" content=\"Les Docs de Noirmoutier\" \/>\n<meta property=\"article:publisher\" content=\"https:\/\/www.facebook.com\/lesdocsdenoirmoutier\" \/>\n<meta property=\"article:modified_time\" content=\"2024-02-23T17:26:31+00:00\" \/>\n<meta property=\"og:image\" content=\"https:\/\/lesdocsdenoirmoutier.fr\/wp-content\/uploads\/2024\/02\/selection_1_Sarah_Braeck_Page_1_Image_0001.jpg\" \/>\n<meta name=\"twitter:card\" content=\"summary_large_image\" \/>\n<meta name=\"twitter:label1\" content=\"Dur\u00e9e de lecture estim\u00e9e\" \/>\n\t<meta name=\"twitter:data1\" content=\"2 minutes\" \/>\n<script type=\"application\/ld+json\" class=\"yoast-schema-graph\">{\"@context\":\"https:\\\/\\\/schema.org\",\"@graph\":[{\"@type\":\"WebPage\",\"@id\":\"https:\\\/\\\/lesdocsdenoirmoutier.fr\\\/?page_id=5342\",\"url\":\"https:\\\/\\\/lesdocsdenoirmoutier.fr\\\/?page_id=5342\",\"name\":\"Exposition Photographique 2024 - Les Docs de Noirmoutier\",\"isPartOf\":{\"@id\":\"https:\\\/\\\/lesdocsdenoirmoutier.fr\\\/#website\"},\"primaryImageOfPage\":{\"@id\":\"https:\\\/\\\/lesdocsdenoirmoutier.fr\\\/?page_id=5342#primaryimage\"},\"image\":{\"@id\":\"https:\\\/\\\/lesdocsdenoirmoutier.fr\\\/?page_id=5342#primaryimage\"},\"thumbnailUrl\":\"https:\\\/\\\/lesdocsdenoirmoutier.fr\\\/wp-content\\\/uploads\\\/2024\\\/02\\\/selection_1_Sarah_Braeck_Page_1_Image_0001.jpg\",\"datePublished\":\"2024-02-23T15:51:02+00:00\",\"dateModified\":\"2024-02-23T17:26:31+00:00\",\"breadcrumb\":{\"@id\":\"https:\\\/\\\/lesdocsdenoirmoutier.fr\\\/?page_id=5342#breadcrumb\"},\"inLanguage\":\"fr-FR\",\"potentialAction\":[{\"@type\":\"ReadAction\",\"target\":[\"https:\\\/\\\/lesdocsdenoirmoutier.fr\\\/?page_id=5342\"]}]},{\"@type\":\"ImageObject\",\"inLanguage\":\"fr-FR\",\"@id\":\"https:\\\/\\\/lesdocsdenoirmoutier.fr\\\/?page_id=5342#primaryimage\",\"url\":\"https:\\\/\\\/lesdocsdenoirmoutier.fr\\\/wp-content\\\/uploads\\\/2024\\\/02\\\/selection_1_Sarah_Braeck_Page_1_Image_0001.jpg\",\"contentUrl\":\"https:\\\/\\\/lesdocsdenoirmoutier.fr\\\/wp-content\\\/uploads\\\/2024\\\/02\\\/selection_1_Sarah_Braeck_Page_1_Image_0001.jpg\",\"width\":436,\"height\":799},{\"@type\":\"BreadcrumbList\",\"@id\":\"https:\\\/\\\/lesdocsdenoirmoutier.fr\\\/?page_id=5342#breadcrumb\",\"itemListElement\":[{\"@type\":\"ListItem\",\"position\":1,\"name\":\"Accueil\",\"item\":\"https:\\\/\\\/lesdocsdenoirmoutier.fr\\\/\"},{\"@type\":\"ListItem\",\"position\":2,\"name\":\"\u00c9dition 2024\",\"item\":\"https:\\\/\\\/lesdocsdenoirmoutier.fr\\\/?page_id=4627\"},{\"@type\":\"ListItem\",\"position\":3,\"name\":\"Exposition Photographique 2024\"}]},{\"@type\":\"WebSite\",\"@id\":\"https:\\\/\\\/lesdocsdenoirmoutier.fr\\\/#website\",\"url\":\"https:\\\/\\\/lesdocsdenoirmoutier.fr\\\/\",\"name\":\"Les Docs de Noirmoutier\",\"description\":\"Festival de Documentaires sur l\u2019\u00eele de Noirmoutier\",\"publisher\":{\"@id\":\"https:\\\/\\\/lesdocsdenoirmoutier.fr\\\/#organization\"},\"potentialAction\":[{\"@type\":\"SearchAction\",\"target\":{\"@type\":\"EntryPoint\",\"urlTemplate\":\"https:\\\/\\\/lesdocsdenoirmoutier.fr\\\/?s={search_term_string}\"},\"query-input\":{\"@type\":\"PropertyValueSpecification\",\"valueRequired\":true,\"valueName\":\"search_term_string\"}}],\"inLanguage\":\"fr-FR\"},{\"@type\":\"Organization\",\"@id\":\"https:\\\/\\\/lesdocsdenoirmoutier.fr\\\/#organization\",\"name\":\"Les Docs de Noirmoutier\",\"url\":\"https:\\\/\\\/lesdocsdenoirmoutier.fr\\\/\",\"logo\":{\"@type\":\"ImageObject\",\"inLanguage\":\"fr-FR\",\"@id\":\"https:\\\/\\\/lesdocsdenoirmoutier.fr\\\/#\\\/schema\\\/logo\\\/image\\\/\",\"url\":\"https:\\\/\\\/lesdocsdenoirmoutier.fr\\\/wp-content\\\/uploads\\\/2021\\\/05\\\/cropped-HD_LES-DOCS-DE-NOIRMOUTIERS_Logo_RVB_Fond-Clair-1.png\",\"contentUrl\":\"https:\\\/\\\/lesdocsdenoirmoutier.fr\\\/wp-content\\\/uploads\\\/2021\\\/05\\\/cropped-HD_LES-DOCS-DE-NOIRMOUTIERS_Logo_RVB_Fond-Clair-1.png\",\"width\":7064,\"height\":3098,\"caption\":\"Les Docs de Noirmoutier\"},\"image\":{\"@id\":\"https:\\\/\\\/lesdocsdenoirmoutier.fr\\\/#\\\/schema\\\/logo\\\/image\\\/\"},\"sameAs\":[\"https:\\\/\\\/www.facebook.com\\\/lesdocsdenoirmoutier\",\"https:\\\/\\\/www.instagram.com\\\/lesdocsdenoirmoutier\\\/\"]}]}<\/script>\n<!-- \/ Yoast SEO plugin. -->","yoast_head_json":{"title":"Exposition Photographique 2024 - Les Docs de Noirmoutier","robots":{"index":"index","follow":"follow","max-snippet":"max-snippet:-1","max-image-preview":"max-image-preview:large","max-video-preview":"max-video-preview:-1"},"canonical":"https:\/\/lesdocsdenoirmoutier.fr\/?page_id=5342","og_locale":"fr_FR","og_type":"article","og_title":"Exposition Photographique 2024 - Les Docs de Noirmoutier","og_description":"Exposition photographique L\u00e0 o\u00f9 disparaissent les lumi\u00e8res Cette ann\u00e9e, le festival choisit de mettre en regard le travail de quatre artistes-photographes: Alice Pallot, Sarah Braeck, Leslie Moquin et Carole Thibaud. Par un travail engag\u00e9 \u00e0 la fois documentaire et artistique, elles se confrontent \u00e0 la crise climatique et environnementale et ses cons\u00e9quences sur les milieux...","og_url":"https:\/\/lesdocsdenoirmoutier.fr\/?page_id=5342","og_site_name":"Les Docs de Noirmoutier","article_publisher":"https:\/\/www.facebook.com\/lesdocsdenoirmoutier","article_modified_time":"2024-02-23T17:26:31+00:00","og_image":[{"url":"https:\/\/lesdocsdenoirmoutier.fr\/wp-content\/uploads\/2024\/02\/selection_1_Sarah_Braeck_Page_1_Image_0001.jpg","type":"","width":"","height":""}],"twitter_card":"summary_large_image","twitter_misc":{"Dur\u00e9e de lecture estim\u00e9e":"2 minutes"},"schema":{"@context":"https:\/\/schema.org","@graph":[{"@type":"WebPage","@id":"https:\/\/lesdocsdenoirmoutier.fr\/?page_id=5342","url":"https:\/\/lesdocsdenoirmoutier.fr\/?page_id=5342","name":"Exposition Photographique 2024 - Les Docs de Noirmoutier","isPartOf":{"@id":"https:\/\/lesdocsdenoirmoutier.fr\/#website"},"primaryImageOfPage":{"@id":"https:\/\/lesdocsdenoirmoutier.fr\/?page_id=5342#primaryimage"},"image":{"@id":"https:\/\/lesdocsdenoirmoutier.fr\/?page_id=5342#primaryimage"},"thumbnailUrl":"https:\/\/lesdocsdenoirmoutier.fr\/wp-content\/uploads\/2024\/02\/selection_1_Sarah_Braeck_Page_1_Image_0001.jpg","datePublished":"2024-02-23T15:51:02+00:00","dateModified":"2024-02-23T17:26:31+00:00","breadcrumb":{"@id":"https:\/\/lesdocsdenoirmoutier.fr\/?page_id=5342#breadcrumb"},"inLanguage":"fr-FR","potentialAction":[{"@type":"ReadAction","target":["https:\/\/lesdocsdenoirmoutier.fr\/?page_id=5342"]}]},{"@type":"ImageObject","inLanguage":"fr-FR","@id":"https:\/\/lesdocsdenoirmoutier.fr\/?page_id=5342#primaryimage","url":"https:\/\/lesdocsdenoirmoutier.fr\/wp-content\/uploads\/2024\/02\/selection_1_Sarah_Braeck_Page_1_Image_0001.jpg","contentUrl":"https:\/\/lesdocsdenoirmoutier.fr\/wp-content\/uploads\/2024\/02\/selection_1_Sarah_Braeck_Page_1_Image_0001.jpg","width":436,"height":799},{"@type":"BreadcrumbList","@id":"https:\/\/lesdocsdenoirmoutier.fr\/?page_id=5342#breadcrumb","itemListElement":[{"@type":"ListItem","position":1,"name":"Accueil","item":"https:\/\/lesdocsdenoirmoutier.fr\/"},{"@type":"ListItem","position":2,"name":"\u00c9dition 2024","item":"https:\/\/lesdocsdenoirmoutier.fr\/?page_id=4627"},{"@type":"ListItem","position":3,"name":"Exposition Photographique 2024"}]},{"@type":"WebSite","@id":"https:\/\/lesdocsdenoirmoutier.fr\/#website","url":"https:\/\/lesdocsdenoirmoutier.fr\/","name":"Les Docs de Noirmoutier","description":"Festival de Documentaires sur l\u2019\u00eele de Noirmoutier","publisher":{"@id":"https:\/\/lesdocsdenoirmoutier.fr\/#organization"},"potentialAction":[{"@type":"SearchAction","target":{"@type":"EntryPoint","urlTemplate":"https:\/\/lesdocsdenoirmoutier.fr\/?s={search_term_string}"},"query-input":{"@type":"PropertyValueSpecification","valueRequired":true,"valueName":"search_term_string"}}],"inLanguage":"fr-FR"},{"@type":"Organization","@id":"https:\/\/lesdocsdenoirmoutier.fr\/#organization","name":"Les Docs de Noirmoutier","url":"https:\/\/lesdocsdenoirmoutier.fr\/","logo":{"@type":"ImageObject","inLanguage":"fr-FR","@id":"https:\/\/lesdocsdenoirmoutier.fr\/#\/schema\/logo\/image\/","url":"https:\/\/lesdocsdenoirmoutier.fr\/wp-content\/uploads\/2021\/05\/cropped-HD_LES-DOCS-DE-NOIRMOUTIERS_Logo_RVB_Fond-Clair-1.png","contentUrl":"https:\/\/lesdocsdenoirmoutier.fr\/wp-content\/uploads\/2021\/05\/cropped-HD_LES-DOCS-DE-NOIRMOUTIERS_Logo_RVB_Fond-Clair-1.png","width":7064,"height":3098,"caption":"Les Docs de Noirmoutier"},"image":{"@id":"https:\/\/lesdocsdenoirmoutier.fr\/#\/schema\/logo\/image\/"},"sameAs":["https:\/\/www.facebook.com\/lesdocsdenoirmoutier","https:\/\/www.instagram.com\/lesdocsdenoirmoutier\/"]}]}},"_links":{"self":[{"href":"https:\/\/lesdocsdenoirmoutier.fr\/index.php?rest_route=\/wp\/v2\/pages\/5342","targetHints":{"allow":["GET"]}}],"collection":[{"href":"https:\/\/lesdocsdenoirmoutier.fr\/index.php?rest_route=\/wp\/v2\/pages"}],"about":[{"href":"https:\/\/lesdocsdenoirmoutier.fr\/index.php?rest_route=\/wp\/v2\/types\/page"}],"author":[{"embeddable":true,"href":"https:\/\/lesdocsdenoirmoutier.fr\/index.php?rest_route=\/wp\/v2\/users\/1"}],"replies":[{"embeddable":true,"href":"https:\/\/lesdocsdenoirmoutier.fr\/index.php?rest_route=%2Fwp%2Fv2%2Fcomments&post=5342"}],"version-history":[{"count":31,"href":"https:\/\/lesdocsdenoirmoutier.fr\/index.php?rest_route=\/wp\/v2\/pages\/5342\/revisions"}],"predecessor-version":[{"id":5433,"href":"https:\/\/lesdocsdenoirmoutier.fr\/index.php?rest_route=\/wp\/v2\/pages\/5342\/revisions\/5433"}],"up":[{"embeddable":true,"href":"https:\/\/lesdocsdenoirmoutier.fr\/index.php?rest_route=\/wp\/v2\/pages\/4627"}],"wp:attachment":[{"href":"https:\/\/lesdocsdenoirmoutier.fr\/index.php?rest_route=%2Fwp%2Fv2%2Fmedia&parent=5342"}],"curies":[{"name":"wp","href":"https:\/\/api.w.org\/{rel}","templated":true}]}}